{"id":6,"date":"2025-05-30T22:41:45","date_gmt":"2025-05-30T20:41:45","guid":{"rendered":"https:\/\/www.chroniques-montrichard.fr\/?page_id=6"},"modified":"2025-06-23T17:54:20","modified_gmt":"2025-06-23T15:54:20","slug":"brizy-6","status":"publish","type":"page","link":"https:\/\/www.chroniques-montrichard.fr\/","title":{"rendered":"Brizy #6"},"content":{"rendered":"<div class=\"brz-root__container brz-reset-all brz brz-root__container-page\">\n<section id=\"6ca779b4c7243fc297c5_zqZbnUfGVCVv\" class=\"brz-section brz-css-1km373b brz-css-1qveups\">\n<div class=\"brz-section__content brz-section--boxed brz-css-83mqgp brz-css-1oflm8e\" data-brz-custom-id=\"e4ayhSTBHqaW\">\n<div class=\"brz-bg\">\n<div class=\"brz-bg-image\"><\/div>\n<div class=\"brz-bg-shape brz-bg-shape__bottom\"><\/div>\n<\/div>\n<div class=\"brz-container brz-css-hqnefr brz-css-ay0hyj\">\n<div id=\"\" class=\"brz-css-1jnzsqm brz-css-1l8qvyl brz-wrapper\">\n<div class=\"brz-rich-text brz-rich-text__custom brz-css-u41i0o brz-css-yw0r3i\" data-brz-custom-id=\"cqYdQIySUAi3\">\n<div data-brz-translate-text=\"1\">\n<p data-generated-css=\"brz-css-eU7JJ\" data-uniq-id=\"dI6GX\" class=\"brz-text-lg-center brz-tp-lg-empty brz-ff-dm_serif_text brz-ft-google brz-fs-lg-60 brz-fss-lg-px brz-fw-lg-400 brz-ls-lg-m_1_5 brz-lh-lg-1_3 brz-vfw-lg-400 brz-fwdth-lg-100 brz-fsft-lg-0 brz-mt-lg-0 brz-css-cx_hA\"><span class=\"brz-cp-color7\" style=\"color: rgb(255, 255, 255);\">Entre Loire et traditions, des histoires qui nous rassemblent<\/span><\/p>\n<\/div>\n<\/div>\n<\/div>\n<div id=\"\" class=\"brz-css-1jnzsqm brz-css-mnp23r brz-wrapper\">\n<div class=\"brz-rich-text brz-rich-text__custom brz-css-u41i0o brz-css-1k4hmyb\" data-brz-custom-id=\"b9pDgQnSpVWZ\">\n<div data-brz-translate-text=\"1\">\n<p class=\"brz-text-lg-center brz-ft-google brz-fs-lg-22 brz-fss-lg-px brz-fw-lg-400 brz-ls-lg-0 brz-lh-lg-1_9 brz-vfw-lg-400 brz-fwdth-lg-100 brz-fsft-lg-0 brz-tp-lg-empty brz-ff-abril_fatface brz-css-hZu_z\" data-generated-css=\"brz-css-gZFfR\" data-uniq-id=\"rnGzy\"><span class=\"brz-cp-color7\" style=\"color: rgba(255, 255, 255, 0.77);\">O\u00f9 chaque pierre raconte une histoire, o\u00f9 chaque histoire construit notre futur commun<\/span><\/p>\n<\/div>\n<\/div>\n<\/div>\n<\/div>\n<\/div>\n<\/section>\n<section id=\"b597c1e5a23753645f47_qEjg9AwIx8QN\" class=\"brz-section brz-css-1km373b brz-css-1l5x3if\">\n<div class=\"brz-section__content brz-section--boxed brz-css-83mqgp brz-css-10ufomi\" data-brz-custom-id=\"oVNADfeWrz8I\">\n<div class=\"brz-container brz-css-hqnefr brz-css-ig87wu\">\n<div id=\"\" class=\"brz-css-1jnzsqm brz-css-19txu1m brz-wrapper\">\n<div class=\"brz-rich-text brz-rich-text__custom brz-css-u41i0o brz-css-11ehi8b\" data-brz-custom-id=\"rBfmy2NOuPBL\">\n<div data-brz-translate-text=\"1\">\n<p class=\"brz-text-lg-center brz-ft-google brz-fs-lg-50 brz-fss-lg-px brz-fw-lg-400 brz-ls-lg-0 brz-lh-lg-1_9 brz-vfw-lg-400 brz-fwdth-lg-100 brz-fsft-lg-0 brz-tp-lg-empty brz-ff-abril_fatface brz-css-ybiSG\" data-generated-css=\"brz-css-hytSz\" data-uniq-id=\"rUHP_\"><span class=\"brz-cp-color7\" style=\"color: rgb(19, 20, 21);\">Ensemble, donnons vie aux Chroniques<\/span><\/p>\n<\/div>\n<\/div>\n<\/div>\n<\/div>\n<\/div>\n<\/section>\n<section id=\"a08dda3aadf6dcde65e2_rXk0g3GsVAsM\" class=\"brz-section brz-css-1km373b brz-css-1nr37v\">\n<div class=\"brz-section__content brz-section--boxed brz-css-83mqgp brz-css-k2rke5\" data-brz-custom-id=\"z9OSG6pWz5k9\">\n<div class=\"brz-container brz-css-hqnefr brz-css-kdtv82\">\n<div id=\"\" class=\"brz-css-1jnzsqm brz-css-1l94n1w brz-wrapper\">\n<div class=\"brz-rich-text brz-rich-text__custom brz-css-u41i0o brz-css-95y8pj\" data-brz-custom-id=\"z0DQTtQek8G7\">\n<div data-brz-translate-text=\"1\">\n<p class=\"brz-fsft-xs-0 brz-fwdth-xs-100 brz-vfw-xs-400 brz-lh-xs-1_6 brz-ls-xs-0 brz-fw-xs-200 brz-fss-xs-px brz-fs-xs-20 brz-tp-xs-empty brz-text-lg-center brz-fss-lg-px brz-fw-lg-400 brz-ls-lg-0 brz-lh-lg-1_9 brz-vfw-lg-400 brz-fwdth-lg-100 brz-fsft-lg-0 brz-tp-lg-empty brz-ff-red_hat_text brz-ft-google brz-fs-lg-20 brz-css-hG18_\" data-generated-css=\"brz-css-zaWMT\" data-uniq-id=\"oWwFf\"><\/p>\n<p class=\"brz-fsft-xs-0 brz-fwdth-xs-100 brz-vfw-xs-400 brz-lh-xs-1_6 brz-ls-xs-0 brz-fw-xs-200 brz-fss-xs-px brz-fs-xs-20 brz-tp-xs-empty brz-text-lg-center brz-fss-lg-px brz-fw-lg-400 brz-ls-lg-0 brz-lh-lg-1_9 brz-vfw-lg-400 brz-fwdth-lg-100 brz-fsft-lg-0 brz-tp-lg-empty brz-ff-red_hat_text brz-ft-google brz-fs-lg-20 brz-css-k8gsN\" data-generated-css=\"brz-css-xBPd0\" data-uniq-id=\"tQAiH\"><span style=\"color: rgba(var(--brz-global-color2),1);\" class=\"brz-cp-color2\">Les Chroniques de Montrichard ont besoin de vous pour exister. Notre ambition ? Cr\u00e9er un m\u00e9dia diff\u00e9rent qui raconte les vraies histoires de notre ville, explore notre patrimoine vivant, et donne du sens \u00e0 notre quotidien.<\/span><\/p>\n<p class=\"brz-fsft-xs-0 brz-fwdth-xs-100 brz-vfw-xs-400 brz-lh-xs-1_6 brz-ls-xs-0 brz-fw-xs-200 brz-fss-xs-px brz-fs-xs-20 brz-tp-xs-empty brz-text-lg-center brz-fss-lg-px brz-fw-lg-400 brz-ls-lg-0 brz-lh-lg-1_9 brz-vfw-lg-400 brz-fwdth-lg-100 brz-fsft-lg-0 brz-tp-lg-empty brz-ff-red_hat_text brz-ft-google brz-fs-lg-20 brz-css-qcwfN\" data-generated-css=\"brz-css-ohnI6\" data-uniq-id=\"q8QYU\"><span style=\"color: rgba(var(--brz-global-color2),1);\" class=\"brz-cp-color2\">Notre engagement est simple : si 500 personnes croient en ce projet, Les Chroniques de Montrichard prendront leur envol.<\/span><\/p>\n<p class=\"brz-text-lg-center brz-fss-lg-px brz-fw-lg-400 brz-ls-lg-0 brz-lh-lg-1_9 brz-vfw-lg-400 brz-fwdth-lg-100 brz-fsft-lg-0 brz-tp-lg-empty brz-ff-red_hat_text brz-ft-google brz-fs-lg-20 brz-css-dQI76\" data-generated-css=\"brz-css-tziho\" data-uniq-id=\"jKqwR\"><span style=\"color: rgba(var(--brz-global-color2),1);\" class=\"brz-cp-color2\">\ud83c\udf81 <\/span><strong style=\"color: rgba(var(--brz-global-color2),1);\" class=\"brz-cp-color2\">Pour nos 500 premiers inscrits<\/strong><span style=\"color: rgba(var(--brz-global-color2),1);\" class=\"brz-cp-color2\"> :<\/span><\/p>\n<p class=\"brz-text-lg-center brz-fss-lg-px brz-fw-lg-400 brz-ls-lg-0 brz-lh-lg-1_9 brz-vfw-lg-400 brz-fwdth-lg-100 brz-fsft-lg-0 brz-tp-lg-empty brz-ff-red_hat_text brz-ft-google brz-fs-lg-20 brz-css-fkKVE\" data-generated-css=\"brz-css-mo3JG\" data-uniq-id=\"mYPEM\"><span style=\"color: rgba(var(--brz-global-color2),1);\" class=\"brz-cp-color2\">\u2022 Acc\u00e8s gratuit \u00e0 vie \u00e0 tous nos contenus<\/span><\/p>\n<p class=\"brz-text-lg-center brz-fss-lg-px brz-fw-lg-400 brz-ls-lg-0 brz-lh-lg-1_9 brz-vfw-lg-400 brz-fwdth-lg-100 brz-fsft-lg-0 brz-tp-lg-empty brz-ff-red_hat_text brz-ft-google brz-fs-lg-20 brz-css-uMNj7\" data-generated-css=\"brz-css-szT4U\" data-uniq-id=\"fHKWz\"><span style=\"color: rgba(var(--brz-global-color2),1);\" class=\"brz-cp-color2\">\u2022 R\u00e9ception en avant-premi\u00e8re de nos articles<\/span><\/p>\n<p class=\"brz-fs-xs-25 brz-tp-xs-empty brz-fsft-xs-0 brz-fwdth-xs-100 brz-vfw-xs-400 brz-lh-xs-1_6 brz-ls-xs-0 brz-fw-xs-200 brz-fss-xs-px brz-text-lg-center brz-fss-lg-px brz-fw-lg-400 brz-ls-lg-0 brz-lh-lg-1_9 brz-vfw-lg-400 brz-fwdth-lg-100 brz-fsft-lg-0 brz-tp-lg-empty brz-ff-red_hat_text brz-ft-google brz-fs-lg-20 brz-css-dRuDZ\" data-generated-css=\"brz-css-cdJlw\" data-uniq-id=\"oZOyu\"><span style=\"color: rgba(var(--brz-global-color2),1);\" class=\"brz-cp-color2\">\u2022 Participation \u00e0 l&rsquo;aventure d\u00e8s son d\u00e9but<\/span><\/p>\n<p data-generated-css=\"brz-css-qRUuG\" data-uniq-id=\"jMUwT\" class=\"brz-fss-lg-px brz-fw-lg-400 brz-ls-lg-0 brz-lh-lg-1_9 brz-vfw-lg-400 brz-fwdth-lg-100 brz-fsft-lg-0 brz-tp-lg-empty brz-ff-red_hat_text brz-ft-google brz-fs-lg-20 brz-css-luU_p\"><\/p>\n<p class=\"brz-tp-lg-paragraph brz-css-kDXzd\" data-generated-css=\"brz-css-xLpKL\" data-uniq-id=\"aQzaW\"><\/p>\n<\/div>\n<\/div>\n<\/div>\n<\/div>\n<\/div>\n<\/section>\n<section id=\"a6c56b5cf2b8042bfc1f_gABMmshDtZIj\" class=\"brz-section brz-css-1km373b brz-css-e7zgjk\">\n<div class=\"brz-section__content brz-section--boxed brz-css-83mqgp brz-css-3m06u9\" data-brz-custom-id=\"rUqlVfxL0mnR\">\n<div class=\"brz-bg\">\n<div class=\"brz-bg-color\"><\/div>\n<div class=\"brz-bg-shape brz-bg-shape__top\"><\/div>\n<\/div>\n<div class=\"brz-container brz-css-hqnefr brz-css-18rvoq7\">\n<div id=\"\" class=\"brz-css-1jnzsqm brz-css-ie8cdv brz-wrapper\">\n<div class=\"brz-rich-text brz-rich-text__custom brz-css-u41i0o brz-css-s8xk3i\" data-brz-custom-id=\"zuTD5bwzwGlu\">\n<div data-brz-translate-text=\"1\">\n<p data-generated-css=\"brz-css-jnFKR\" data-uniq-id=\"lW2Om\" class=\"brz-fsft-xs-0 brz-fwdth-xs-100 brz-vfw-xs-400 brz-lh-xs-1_6 brz-ls-xs-0 brz-fw-xs-200 brz-fss-xs-px brz-fs-xs-18 brz-tp-xs-empty brz-bcp-color8 brz-tp-lg-empty brz-ff-red_hat_text brz-ft-google brz-fs-lg-25 brz-fss-lg-px brz-fw-lg-400 brz-ls-lg-0 brz-lh-lg-1_9 brz-vfw-lg-400 brz-fwdth-lg-100 brz-fsft-lg-0 brz-text-lg-justify brz-css-zvE0s\"><span style=\"color: rgba(var(--brz-global-color8),1); background-color: rgba(204, 161, 161, 0);\" class=\"brz-cp-color8\">\u00c0 Montrichard Val de Cher, chaque rue, chaque commerce, chaque habitant porte une histoire qui m\u00e9rite d&rsquo;\u00eatre racont\u00e9e. Les Chroniques de Montrichard naissent de cette conviction : notre ville rec\u00e8le des r\u00e9cits extraordinaires dans son quotidien.<\/span><\/p>\n<p data-generated-css=\"brz-css-oTQ2j\" data-uniq-id=\"qwqWu\" class=\"brz-fsft-xs-0 brz-fwdth-xs-100 brz-vfw-xs-400 brz-lh-xs-1_6 brz-ls-xs-0 brz-fw-xs-200 brz-fss-xs-px brz-fs-xs-18 brz-tp-xs-empty brz-bcp-color8 brz-tp-lg-empty brz-ff-red_hat_text brz-ft-google brz-fs-lg-25 brz-fss-lg-px brz-fw-lg-400 brz-ls-lg-0 brz-lh-lg-1_9 brz-vfw-lg-400 brz-fwdth-lg-100 brz-fsft-lg-0 brz-text-lg-justify brz-css-wH1_y\"><span style=\"color: rgba(var(--brz-global-color8),1);\" class=\"brz-cp-color8\">Ni simple journal d&rsquo;actualit\u00e9s, ni blog traditionnel, nous prenons le temps d&rsquo;explorer les sujets qui fa\u00e7onnent notre communaut\u00e9. De la gestion historique de l&rsquo;eau \u00e0 la mobilit\u00e9 en zone rurale, des commerces centenaires aux initiatives modernes, nous tissons des liens entre hier et demain.<\/span><\/p>\n<p data-generated-css=\"brz-css-l5X0U\" data-uniq-id=\"q6_XF\" class=\"brz-fsft-xs-0 brz-fwdth-xs-100 brz-vfw-xs-400 brz-lh-xs-1_6 brz-ls-xs-0 brz-fw-xs-200 brz-fss-xs-px brz-fs-xs-18 brz-tp-xs-empty brz-bcp-color8 brz-tp-lg-empty brz-ff-red_hat_text brz-ft-google brz-fs-lg-25 brz-fss-lg-px brz-fw-lg-400 brz-ls-lg-0 brz-lh-lg-1_9 brz-vfw-lg-400 brz-fwdth-lg-100 brz-fsft-lg-0 brz-text-lg-justify brz-css-vXrwB\"><span style=\"color: rgba(var(--brz-global-color8),1);\" class=\"brz-cp-color8\">Notre approche ? Partir d&rsquo;une anecdote locale pour \u00e9clairer les grands enjeux qui nous concernent tous. Raconter l&rsquo;histoire de cette jeune employ\u00e9e qui traverse trois communes pour travailler, c&rsquo;est aussi parler de l&#8217;emploi en province. \u00c9voquer nos arbres centenaires, c&rsquo;est questionner notre rapport au patrimoine vivant.<\/span><\/p>\n<p data-generated-css=\"brz-css-zV2sW\" data-uniq-id=\"nuk0K\" class=\"brz-fsft-xs-0 brz-fwdth-xs-100 brz-vfw-xs-400 brz-lh-xs-1_6 brz-ls-xs-0 brz-fw-xs-200 brz-fss-xs-px brz-fs-xs-18 brz-tp-xs-empty brz-bcp-color8 brz-tp-lg-empty brz-ff-red_hat_text brz-ft-google brz-fs-lg-25 brz-fss-lg-px brz-fw-lg-400 brz-ls-lg-0 brz-lh-lg-1_9 brz-vfw-lg-400 brz-fwdth-lg-100 brz-fsft-lg-0 brz-text-lg-justify brz-css-cFGga\"><span style=\"color: rgba(var(--brz-global-color8),1);\" class=\"brz-cp-color8\">Sans complaisance mais toujours constructifs, nous cherchons \u00e0 nourrir une r\u00e9flexion collective sur notre avenir commun. Car c&rsquo;est en comprenant mieux notre pr\u00e9sent que nous pourrons mieux construire demain.<\/span><\/p>\n<p class=\"brz-tp-lg-paragraph brz-css-qP8rx\" data-generated-css=\"brz-css-uxHQa\" data-uniq-id=\"soKNM\"><\/p>\n<\/div>\n<\/div>\n<\/div>\n<\/div>\n<\/div>\n<\/section>\n<\/div>\n<p>    <!-- version:1750694060 --><\/p>\n","protected":false},"excerpt":{"rendered":"<p>Entre Loire et traditions, des histoires qui nous rassemblent O\u00f9 chaque pierre raconte une histoire, o\u00f9 chaque histoire construit notre futur commun Ensemble, donnons vie aux Chroniques Les Chroniques de Montrichard ont besoin de vous pour exister. Notre ambition ? Cr\u00e9er un m\u00e9dia diff\u00e9rent qui raconte les vraies histoires de notre ville, explore notre patrimoine [&hellip;]<\/p>\n","protected":false},"author":1,"featured_media":0,"parent":0,"menu_order":0,"comment_status":"closed","ping_status":"closed","template":"brizy-blank-template.php","meta":{"footnotes":""},"class_list":["post-6","page","type-page","status-publish","hentry"],"blocksy_meta":{"has_hero_section":"disabled","styles_descriptor":{"styles":{"desktop":"","tablet":"","mobile":""},"google_fonts":[],"version":6},"vertical_spacing_source":"custom","content_area_spacing":"none"},"_links":{"self":[{"href":"https:\/\/www.chroniques-montrichard.fr\/index.php\/wp-json\/wp\/v2\/pages\/6","targetHints":{"allow":["GET"]}}],"collection":[{"href":"https:\/\/www.chroniques-montrichard.fr\/index.php\/wp-json\/wp\/v2\/pages"}],"about":[{"href":"https:\/\/www.chroniques-montrichard.fr\/index.php\/wp-json\/wp\/v2\/types\/page"}],"author":[{"embeddable":true,"href":"https:\/\/www.chroniques-montrichard.fr\/index.php\/wp-json\/wp\/v2\/users\/1"}],"replies":[{"embeddable":true,"href":"https:\/\/www.chroniques-montrichard.fr\/index.php\/wp-json\/wp\/v2\/comments?post=6"}],"version-history":[{"count":21,"href":"https:\/\/www.chroniques-montrichard.fr\/index.php\/wp-json\/wp\/v2\/pages\/6\/revisions"}],"predecessor-version":[{"id":78,"href":"https:\/\/www.chroniques-montrichard.fr\/index.php\/wp-json\/wp\/v2\/pages\/6\/revisions\/78"}],"wp:attachment":[{"href":"https:\/\/www.chroniques-montrichard.fr\/index.php\/wp-json\/wp\/v2\/media?parent=6"}],"curies":[{"name":"wp","href":"https:\/\/api.w.org\/{rel}","templated":true}]}}